pose -301*s - 1655 = -x*s. What is the hundreds digit of s?
3
Suppose 25 = -7*m + 2*m, -7*g + 158220 = 3*m. What is the tens digit of g?
0
Let v(c) = 2*c + 5. Let d be v(3). Suppose 0 = n - 4*o - d, -5*o + 13 = -3*n + 32. Suppose -n*j = -6*j + 261. What is the units digit of j?
7
Let l = -597 - -9056. What is the thousands digit of l?
8
Let l = 234 + -223. Let b(g) = g**3 - 7*g**2 - 7*g - 4. What is the tens digit of b(l)?
0
Suppose -u + 7*u = 24. Suppose -u*w + m = -1750 + 377, 3*w - 2*m - 1031 = 0. What is the units digit of w?
3
What is the ten thousands digit of ((-3293730)/9)/(-10)*2/6?
1
Suppose 16 = x - 0. Let l be (-33)/22*x/(-3). What is the tens digit of (-2 + 20/l)*330?
6
Suppose 14*o + 370 = 24*o. Let z = o - -80. What is the tens digit of z?
1
Let z(b) be the third derivative of 61*b**4/12 - b**3/3 + 22*b**2. Let j be z(-1). What is the hundreds digit of 1 + (0 - 2 - j)?
1
Let g = -146 - -151. Let l(u) = 62*u - 40. What is the hundreds digit of l(g)?
2
Let o(y) = 401*y - 771. What is the hundreds digit of o(11)?
6
What is the thousands digit of (12 + (2 - -1871))*(2 + (-124)/(-10))?
7
Let n(a) = -a**3 - 11*a**2 - 3*a - 18. Let f be n(-11). Suppose f*c = 9*c + 1212. What is the units digit of c?
2
Let k(c) = c**3 + 3*c**2 - 4*c - 10. Let y be k(-2). Suppose y*p = -3*s + 1084, 0*s + 5*s = -4*p + 2170. What is the tens digit of p?
4
What is the units digit of (-107577)/(-135) + 6/45?
7
Suppose 4*u - 4*i = 4592, 4*i - 1247 = -u - 89. Let v = u + -183. What is the tens digit of v?
6
What is the thousands digit of (((-29664)/30)/(-12))/((-2)/(-285))?
1
Let b(y) = 67*y - 475. What is the thousands digit of b(69)?
4
Suppose -25*k + 14*k = 1056. What is the tens digit of (-1 - k)/(250/30 - 8)?
8
Let k be 5/2*(7 - 287/35). What is the units digit of 536 + 3/3*k?
3
Suppose 5*w = 30, -l - w + 6035 = -3784. What is the hundreds digit of l?
8
Suppose 0 = -1454*v + 1459*v + 265. Let g = -252 + 167. Let h = v - g. What is the units digit of h?
2
Let z(x) be the first derivative of 3*x**4/4 - x**3/3 + x**2 + 4*x - 19. What is the hundreds digit of z(4)?
1
What is the units digit of ((-4150)/25)/(14/(-441))?
9
Let a(c) = 4*c - 16. Let k be a(0). Let d be (18/(-8))/(3/k). Suppose -d*x + 6*x = -180. What is the tens digit of x?
3
Let t(m) = 6*m - 2. Let z(a) = a**2 + 4*a - 10. Let v be z(-6). Let j be t(v). Let w = j - -7. What is the tens digit of w?
1
Let h = -139 + 163. Suppose 0 = -26*p + h*p + 132. What is the units digit of ((-20)/8)/(15/(-12)) + p?
8
Let o be (-8 - 32)/(-10) + 299. Let f be (-10)/((-4)/(-6)*-3). Suppose f*w = o + 402. What is the units digit of w?
1
Let s(p) = 5*p + 35. Let n be s(-8). What is the units digit of (4 + n - -4) + 360?
3
Let n = 300 + -312. What is the units digit of (-1)/n + 40534/312?
0
Suppose 0 = v - 4*v + 12, 3*v = 2*n - 12. Let j be -1*n/8*-6. Suppose 8*w - j*w + 19 = 0. What is the tens digit of w?
1
Let f(w) = w**2 + 106*w - 837. What is the tens digit of f(95)?
5
Let m(j) = -404*j - 5 - 387*j - 13 + 776*j. Let u be (-6 - -4)/(2/7). What is the tens digit of m(u)?
8
Suppose 828 = 3*p + 4128. What is the hundreds digit of 9/(5*(-6)/p)?
3
Suppose -5*h - 5510 = -4*m - 25938, 2*h - 8191 = -5*m. What is the hundreds digit of h?
0
Suppose -5*h - 6*t = -336995, -3*h + 2198 + 199971 = -2*t. What is the hundreds digit of h?
3
Let h(m) = -3*m**2 + 9*m + 21. Let b be -1 + ((-29)/6 - (-15)/(-90)). Let c be h(b). Let k = -66 - c. What is the units digit of k?
5
Suppose 117 + 48 = 5*m. Let j(d) = 10*d - 257. What is the tens digit of j(m)?
7
Let l = 43 + 26. Suppose 6*h - 75 = l. Suppose 22*z - h*z = -244. What is the tens digit of z?
2
Let y be ((-2)/6)/(3/(-126)). Let a = y - 8. Let v = a - -124. What is the hundreds digit of v?
1
Let l be ((-36)/(-16))/((-3)/16). Let c = l + 16. Suppose -4*o + z = -4 - 55, c*z - 84 = -4*o. What is the tens digit of o?
1
Suppose 6*g - 4 = 7*g. Let m(n) = -3*n**2 - 7*n - 6. Let c be m(g). What is the tens digit of 10/(-4)*c - (-5 - -5)?
6
Suppose 7*j - 5*j = 5*z - 10, 20 = -5*z - 4*j. Suppose z = q + a + 2, 15 = -q + 5*a - 11. What is the units digit of q/9 - (3 + 556/(-6))?
9
Suppose -22 = -3*p - 4, 0 = -4*s + 5*p + 16542. What is the thousands digit of s?
4
Let p = 288 + -281. Suppose 4*b + p*b = 5093. What is the hundreds digit of b?
4
Let p(q) = -88*q + 7237. What is the thousands digit of p(-22)?
9
Suppose 20*o - 7*o = 1833. Let q be o/(-10) + 4/40. Let z(p) = -p**2 - 19*p + 6. What is the tens digit of z(q)?
7
Let u be (68/5)/((-24)/(-1080)). Suppose -2*m - 5*o = m - u, 0 = -3*m + 5*o + 582. What is the units digit of m?
9
Let r(x) = -4*x - 38. Let i be r(-11). Let j be (-2 - 16/(-6))*i. Suppose y + 3*v = 75, -j*y + 2*y + 194 = -5*v. What is the units digit of y?
7
What is the tens digit of (5 - 27) + 8 - -5961?
4
Let h = 4 - -41. Let i = 77 - h. Let w = 40 - i. What is the units digit of w?
8
Let r(a) = 210*a - 27. Let v be r(4). Suppose -q = 5*x - v - 1096, x + 2*q = 389. What is the hundreds digit of x?
3
Let u = 36 + -32. Suppose -11*m = -u*m - 2786. What is the units digit of m?
8
Let s(g) = 1254*g - 1497. What is the tens digit of s(4)?
1
Let d(b) = -b**3 - 8*b**2 - 7*b - 1. Let q be d(-7). Suppose -665*m + 671*m = -6. What is the tens digit of (-82)/q - (-1 + m)?
8
Let k(b) be the third derivative of -b**6/120 + b**5/4 - 4*b**4/3 - 29*b**3/6 - 76*b**2. What is the units digit of k(12)?
9
Suppose -22*q + 909540 = 225318. What is the thousands digit of q?
1
Let v be (20668 - 0)*31/124. Suppose -3*c - i + v = 0, -3*c + 3555 = -i - 1616. What is the hundreds digit of c?
7
Let r(q) = -45*q - 10. Suppose 83*k - 84*k = 5. What is the tens digit of r(k)?
1
Let f(l) = 3*l**3 - 2*l - 1. Let m be f(-1). What is the hundreds digit of ((-3)/(3/m))/((-8)/(-2352))?
5
Suppose -5*p - 16*a + 11*a + 71600 = 0, -4*p + 5*a = -57316. What is the thousands digit of p?
4
What is the hundreds digit of (11787 - -1) + (-10 - 14)/4?
7
Let m = 63 + -48. Suppose 0 = -5*c - m, 5*o = c + 2*c + 1749. Suppose 0 = 4*a + 4*j - o, a + 3*j - 352 = -3*a. What is the tens digit of a?
9
Let z be 68/8 + 9/(-18). Suppose -1430 = -m + 4*h, -3*h - 2912 = -2*m - z*h. What is the thousands digit of m?
1
Suppose -6*f - 5665 - 515 = 0. Let g = -979 - f. What is the units digit of g?
1
Suppose 73386 = 11*k + 7*k. Suppose 0 = 23*y - k + 1087. What is the units digit of y?
0
Let c = 105694 - 69668. What is the tens digit of c?
2
Suppose 3*k = -2*j + 8*k + 162, 2*k = j - 82. Suppose 0 = j*w - 83*w - 3552. What is the thousands digit of w?
1
Suppose -6*b = -2*b - b. Suppose b = -14*t + 16*t. Suppose t = -r + 4*k + 13 + 124, 4*r - 3*k = 548. What is the units digit of r?
7
Let z(m) = -6*m + 8. Let g(x) be the third derivative of x**4/8 - 2*x**3/3 - 21*x**2. Let h(c) = 11*g(c) + 6*z(c). What is the units digit of h(-8)?
8
Suppose -4537 - 12349 = -p. What is the tens digit of p?
8
Let a(w) = 85*w + 686. What is the units digit of a(-8)?
6
Let s(f) = 12*f**2 + 11*f + 2. Let u(y) = 10*y**2 + 12*y + 3. Let b(z) = 4*s(z) - 3*u(z). What is the units digit of b(-6)?
9
Suppose 38*z - 236590 + 4217 = 100697. What is the tens digit of z?
6
What is the thousands digit of (0 + (2 - 1))*(13 - -3804)?
3
Let z be (-288)/(-108)*72/(-1). What is the tens digit of (-16)/(z/(-60)) - (0 - 388)?
8
Suppose 10*b = 12*b - 20. Suppose 0 = s + 4*s - b. What is the units digit of (0 - -2) + 1 + s?
5
Suppose -8 = -3*d - 5*o + 5, -5*o = -3*d - 7. Let g be 0*(d + (-1 - 1)). Suppose y - 2*y = 5*t - 393, y + 2 = g. What is the tens digit of t?
7
Suppose 0 = 4*p - 14 - 6. Suppose -p*f = -8 - 2. Suppose -3*y = 2*y - 2*l - 542, -2*y + 218 = -f*l. What is the units digit of y?
8
Let w(l) = 2*l**2 + 31*l - 51. Let d be w(-12). What is the units digit of ((-48303)/d)/((-1)/(-5))?
9
Let h = -615 - -618. Suppose -4737 = -5*q + a, -q + 3794 = 3*q - h*a. What is the hundreds digit of q?
9
Suppose 2*l + 703 = -1073. Let d be (-1)/((-4)/l*-1). Suppose 8*v - 1678 = -d. What is the units digit of v?
2
Let w = -70 + 75. Let m be (90/w - 2)*3/4. What is the tens digit of m/8*(2*18)/3?
1
Suppose -k = -438 + 353. Let x = 1847 - k. What is the tens digit of x?
6
Let b(u) = -u**2 - 8*u + 22. Let p be b(-8). Suppose 0 = -5*y + 2*y. Suppose -2*s = -2*d - p, 5*s - 3*d - 4 - 55